1203 + -14112?
-2505
In base 7, what is 3411 + -1003554?
-1000143
In base 4, what is -2101210203330 - 10?
-2101210210000
In base 5, what is 323020133 - -123?
323020311
In base 14, what is c6 - -1324aa?
132592
In base 7, what is 111134052 - -1?
111134053
In base 15, what is -ce8 + b9c?
-14b
In base 11, what is 71777 - 5?
71772
In base 7, what is 624152 + -54055?
540064
In base 5, what is -1402 - 132231001?
-132232403
In base 7, what is -23416 + 152346?
125630
In base 13, what is -67434 - 14?
-67448
In base 3, what is -111202020220102 - 1?
-111202020220110
In base 11, what is 102 + 399175?
399277
In base 15, what is -5678 - 21ab?
-7834
In base 9, what is 17802583 - -2?
17802585
In base 3, what is 122 + 101110221120202?
101110221121101
In base 15, what is -32744cb - 2?
-32744cd
In base 13, what is 9 - -4420450?
4420459
In base 12, what is 12a + 51a6b?
51b99
In base 16, what is 82 + 325978?
3259fa
In base 9, what is -47443 - -80?
-47353
In base 2, what is -1000011010 + 101001111010100000?
101001110010000110
In base 4, what is -11220003 - 1011?
-11221020
In base 13, what is 1272 + -27696?
-26424
In base 3, what is 212222012012011 - 12?
212222012011222
In base 16, what is 1 + 1145210?
1145211
In base 5, what is 11222 + 1221300?
1233022
In base 2, what is -1010101 + 10010011011010100?
10010011001111111
In base 12, what is 5 + 8679a05?
8679a0a
In base 6, what is -2 + -131514303?
-131514305
In base 16, what is -613ac - 10?
-613bc
In base 6, what is -1130 + -53031141?
-53032311
In base 7, what is 12146513 + 53?
12146566
In base 6, what is 1033402 - 1112?
1032250
In base 2, what is -1100101000011 - 101100000100?
-10010001000111
In base 3, what is -122112 + -1010011211?
-1010211100
In base 6, what is -35 + 524433025?
524432550
In base 9, what is 15063 + -437?
14525
In base 12, what is 0 + -8aa4886?
-8aa4886
In base 3, what is -2010101221 + -221012?
-2011100010
In base 14, what is 4d + 1b88c?
1b8db
In base 16, what is 8 - 15ddb9?
-15ddb1
In base 9, what is -202373 - -210?
-202163
In base 3, what is 2 + -1002102002002?
-1002102002000
In base 12, what is 1b + 3981a?
39839
In base 16, what is 2af77a - 1?
2af779
In base 9, what is -2372082 + -2?
-2372084
In base 4, what is 102321230220 - -330?
102321231210
In base 13, what is -1 - 40863207?
-40863208
In base 15, what is bd8864 - -21?
bd8885
In base 9, what is 100 - -26023210?
26023310
In base 6, what is -52233 + 43315?
-4514
In base 6, what is -14144534404 + 1?
-14144534403
In base 8, what is 0 + -15165307?
-15165307
In base 16, what is -9 + 6247ed1?
6247ec8
In base 10, what is 681 + -1295?
-614
In base 8, what is -3 - -1765775651?
1765775646
In base 12, what is 1 - -2011aa0?
2011aa1
In base 6, what is 110404502 + -20?
110404442
In base 16, what is -9c4a + -10?
-9c5a
In base 12, what is a0475 - -5?
a047a
In base 6, what is -12225423 - -1310?
-12224113
In base 4, what is -1212112 - 22113?
-1300231
In base 4, what is -220 - 21321210231?
-21321211111
In base 6, what is -3311 - -2304010?
2300255
In base 11, what is -5 - 81aa62?
-81aa67
In base 8, what is -36410 - -5507?
-30701
In base 15, what is -d0166b - -21?
-d0164a
In base 2, what is 11110100000110010010010 - 1111?
11110100000110010000011
In base 13, what is -19a860 - -b?
-19a852
In base 8, what is 0 - -412505134?
412505134
In base 5, what is 124242 + 330231?
1010023
In base 2, what is -110101111111 - 1001100011?
-111111100010
In base 13, what is -9c5655 - -1?
-9c5654
In base 4, what is -20302122 - 1033?
-20303221
In base 13, what is 2699879 + 2?
269987b
In base 14, what is -91491 + 571?
-90d20
In base 4, what is -21011021 - -10132?
-21000223
In base 6, what is -10 + -252202103?
-252202113
In base 6, what is 1030422 - -2354?
1033220
In base 4, what is -201 - 102010312321?
-102010313122
In base 7, what is 5114 + -3410015?
-3401601
In base 12, what is 394 + 408642?
408a16
In base 8, what is -41230 + 4425?
-34603
In base 11, what is 71187 - 7a3?
70494
In base 9, what is -138115 + 57?
-138047
In base 9, what is -4 - 356087?
-356102
In base 12, what is 34 - -4477503?
4477537
In base 4, what is -10300021 - 112003?
-11012030
In base 11, what is 433762 + 26?
433788
In base 3, what is 10 + -211011102102?
-211011102022
In base 5, what is 3241330 + 101?
3241431
In base 14, what is -184 + 730?
58a
In base 13, what is -1 + 256bc9c?
256bc9b
In base 6, what is 2 + 254215333?
254215335
In base 2, what is -11111 - -110001000111001111?
110001000110110000
In base 7, what is 51213425 - 22?
51213403
In base 11, what is -4a - -81a907?
81a868
In base 6, what is -2 - -203110443?
203110441
In base 8, what is 10 + 1062701321?
1062701331
In base 3, what is -210121010200 + -220?
-210121011120
In base 2, what is 1110111011 + 1011010101010100?
1011100100001111
In base 3, what is 120120220001021212 - 10?
120120220001021202
In base 13, what is -1 - -2a3129?
2a3128
In base 16, what is 4 + 148837?
14883b
In base 11, what is 3 - 185869?
-185866
In base 2, what is -10 + -10001111010100100000011?
-10001111010100100000101
In base 8, what is -3237775 + -265?
-3240262
In base 16, what is -4176 - -36a1?
-ad5
In base 8, what is 526213 + 53?
526266
In base 6, what is 2104 + 454342?
500450
In base 11, what is 44 - -164a193?
164a227
In base 10, what is -11082 + -22349?
-33431
In base 5, what is -3 + -314221232?
-314221240
In base 7, what is 12544151 + 0?
12544151
In base 9, what is 2 + 8355565?
8355567
In base 5, what is 113121432 - 3?
113121424
In base 13, what is -5396628 + -2?
-539662a
In base 2, what is 110100001001101 - -1001110?
110100010011011
In base 3, what is -21122221012 + -222201?
-21200220220
In base 15, what is 132 + bd2?
d14
In base 7, what is 3134666420 - -5?
3134666425
In base 9, what is -1058 - 1226185?
-1227254
In base 13, what is 11 + -b44193?
-b44182
In base 6, what is -41 + -11134254?
-11134335
In base 9, what is 852 - 24484?
-23532
In base 14, what is b702882 - -4?
b702886
In base 3, what is -10020220010 + 2121?
-10020210112
In base 8, what is -2 + -24164543?
-24164545
In base 15, what is 3 + -30c164?
-30c161
In base 14, what is d50c - 249?
d2a3
In base 5, what is 4114412 - -14020?
4133432
In base 12, what is 172a2 - 23ab?
14ab3
In base 12, what is -5720146 - 16?
-5720160
In base 12, what is 8 + 21b4a4?
21b4b0
In base 9, what is 206651 + -108?
206542
In base 4, what is -11212320010 + 1223?
-11212312121
In base 6, what is 2424144042 + -3?
2424144035
In base 14, what is -4876a6 - -138?
-48756c
In base 2, what is 1000 + 100001001101001011110010010?
100001001101001011110011010
In base 4, what is 130022323 + -131231?
123231032
In base 12, what is 661274 + -3?
661271
In base 3, what is -1021 + 121211011022?
121211010001
In base 12, what is 3b969 + -8107?
33862
In base 6, what is -501241 + -2154?
-503435
In base 4, what is 101100111133 - 102?
101100111031
In base 5, what is -1434022421003 - 0?
-1434022421003
In base 13, what is 4216 + 31?
4247
In base 12, what is -3a60 + -879?
-4719
In base 3, what is -221221200122 - 1011010?
-221222211202
In base 12, what is -98 - -1400a3?
140007
In base 2, what is 10100100110111001 - 11010?
10100100110011111
In base 15, what is -101405a3 + 5?
-1014059d
In base 11, what is a9316a + 34?
a931a3
In base 9, what is 121664571 + -3?
121664567
In base 10, what is -2 + -126085386?
-126085388
In base 7, what is 13510240 + -2?
13510235
In base 5, what is -141234 + -1022240?
-1214024
In base 4, what is -11300032 - -3331?
-11230101
In base 9, what is 16502 - -836?
17438
In base 12, what is 2 - 8a003a14?
-8a003a12
In base 6, what is 2351 + -221034?
-214243
In base 15, what is -c7 + 17cec?
17c25
In base 10, what is 247 - -93814?
94061
In base 2, what is -11000101 - 101001010001000?
-101001101001101
In base 2, what is 1 - 100000100010011010110100?
-100000100010011010110011
In base 4, what is 2000200332 - 32002?
2000102330
In base 13, what is 908a3c53 - -5?
908a3c58
In base 8, what is 223610 - 156?
223432
In base 8, what is 4776354 - -12?
4776366
In base 7, what is 1 - 252531333?
-252531332
In base 7, what is -205 + -446543?
-450051
In base 6, what is -4323244 - 1?
-4323245
In base 16, what is 179421d - 1?
179421c
In base 10, what is -13 + -2176107?
-2176120
In base 6, what is 11013100 - -4?
11013104
In base 11, what is -911 - 330a6?
-33a07
In base 9, what is -7361